common factor of 280 and 6.
2
Calculate the highest common divisor of 14 and 4104.
2
Calculate the greatest common factor of 13 and 1807.
13
What is the highest common factor of 152 and 72?
8
What is the greatest common divisor of 2261 and 51?
17
Calculate the highest common divisor of 36 and 9.
9
Calculate the highest common divisor of 278 and 10147.
139
What is the highest common divisor of 4310 and 10?
10
Calculate the highest common factor of 450 and 12.
6
Calculate the highest common factor of 7 and 9625.
7
What is the highest common factor of 264 and 396?
132
Calculate the greatest common factor of 40 and 120.
40
Calculate the greatest common divisor of 250 and 110.
10
What is the greatest common divisor of 870 and 150?
30
Calculate the highest common divisor of 24320 and 16.
16
Calculate the highest common divisor of 70 and 70.
70
Calculate the greatest common factor of 89 and 2403.
89
Calculate the greatest common factor of 495 and 385.
55
What is the greatest common divisor of 1050 and 18750?
150
Calculate the highest common factor of 656 and 2870.
82
Calculate the highest common factor of 2507 and 23.
23
Calculate the highest common factor of 1885 and 5365.
145
What is the highest common factor of 13970 and 10?
10
Calculate the greatest common divisor of 1720 and 120.
40
Calculate the greatest common factor of 775 and 75.
25
Calculate the greatest common divisor of 9 and 78903.
9
Calculate the greatest common factor of 60 and 1095.
15
Calculate the highest common factor of 4 and 204.
4
Calculate the greatest common factor of 42 and 49.
7
What is the greatest common factor of 742 and 854?
14
Calculate the highest common factor of 273 and 147.
21
What is the highest common divisor of 128 and 1952?
32
What is the greatest common factor of 6150 and 300?
150
Calculate the highest common divisor of 318 and 7155.
159
Calculate the greatest common factor of 15 and 80.
5
What is the highest common factor of 45 and 2880?
45
Calculate the highest common factor of 29 and 232.
29
Calculate the greatest common factor of 80751 and 11.
11
Calculate the greatest common factor of 6 and 219.
3
Calculate the highest common factor of 316 and 12166.
158
Calculate the greatest common divisor of 24 and 6.
6
Calculate the greatest common factor of 19738 and 568.
142
What is the highest common divisor of 40 and 2840?
40
Calculate the greatest common divisor of 15075 and 75.
75
What is the highest common factor of 68 and 17?
17
What is the greatest common factor of 207 and 9?
9
What is the highest common factor of 138 and 230?
46
Calculate the highest common divisor of 189 and 371.
7
Calculate the greatest common divisor of 810 and 120.
30
What is the highest common divisor of 95 and 1235?
95
What is the greatest common factor of 440 and 3640?
40
Calculate the highest common divisor of 183 and 3.
3
Calculate the highest common factor of 6 and 46.
2
Calculate the highest common divisor of 77 and 7.
7
Calculate the highest common factor of 250 and 30.
10
What is the highest common divisor of 259 and 148?
37
Calculate the greatest common factor of 2940 and 35.
35
Calculate the greatest common factor of 500 and 20.
20
What is the highest common divisor of 57 and 627?
57
Calculate the greatest common divisor of 49 and 7.
7
Calculate the highest common divisor of 12284 and 148.
148
Calculate the highest common divisor of 34 and 51.
17
What is the highest common divisor of 42 and 60?
6
What is the greatest common factor of 361 and 38?
19
Calculate the greatest common factor of 184 and 4278.
46
What is the highest common divisor of 32 and 40896?
32
What is the highest common factor of 4110 and 30?
30
What is the greatest common factor of 381 and 508?
127
What is the greatest common divisor of 63 and 81?
9
What is the greatest common factor of 30 and 120?
30
Calculate the greatest common factor of 16 and 8.
8
Calculate the greatest common factor of 344 and 32.
8
Calculate the highest common divisor of 28 and 49.
7
What is the greatest common factor of 3819 and 603?
201
Calculate the greatest common divisor of 284 and 639.
71
What is the greatest common divisor of 77974 and 13?
13
Calculate the highest common factor of 63 and 49.
7
What is the greatest common divisor of 1560 and 15?
15
Calculate the greatest common divisor of 29272 and 8.
8
Calculate the highest common divisor of 445 and 1691.
89
Calculate the greatest common divisor of 55 and 3531.
11
What is the highest common factor of 50 and 2625?
25
Calculate the greatest common divisor of 351 and 54.
27
Calculate the highest common divisor of 12 and 456.
12
What is the greatest common factor of 306 and 18?
18
What is the greatest common factor of 2065 and 35?
35
Calculate the highest common factor of 28749 and 42.
21
What is the greatest common factor of 47 and 7943?
47
Calculate the highest common divisor of 40 and 2840.
40
Calculate the greatest common factor of 340 and 374.
34
What is the highest common divisor of 27 and 846?
9
What is the highest common divisor of 64 and 500?
4
Calculate the highest common divisor of 42 and 434.
14
What is the greatest common factor of 1372 and 49?
49
Calculate the highest common factor of 85 and 408.
17
What is the greatest common factor of 130 and 715?
65
Calculate the highest common divisor of 8685 and 386.
193
Calculate the greatest common factor of 175 and 75.
25
Calculate the highest common divisor of 25 and 15.
5
What is the greatest common factor of 52 and 32?
4
What is the greatest common divisor of 14 and 378?
14
Calculate the highest common factor of 126 and 1986.
6
What is the greatest common factor of 874 and 46?
46
Calculate the highest common factor of 90 and 270.
90
What is the highest common divisor of 1476 and 369?
369
What is the highest common factor of 69 and 1104?
69
Calculate the highest common factor of 225 and 170.
5
Calculate the greatest common divisor of 42 and 63.
21
What is the highest common factor of 4239 and 54?
27
Calculate the highest common factor of 527 and 119.
17
Calculate the highest common divisor of 256 and 56.
8
What is the greatest common divisor of 390 and 520?
130
What is the highest common divisor of 768 and 64?
64
Calculate the highest common factor of 688 and 43.
43
Calculate the highest common divisor of 63 and 42.
21
What is the greatest common factor of 753 and 75?
3
What is the greatest common divisor of 24940 and 116?
116
Calculate the highest common factor of 54569 and 197.
197
Calculate the greatest common divisor of 28 and 10633.
7
Calculate the greatest common factor of 276 and 4048.
92
What is the greatest common factor of 6 and 166?
2
What is the highest common divisor of 2560 and 720?
80
What is the highest common divisor of 256 and 92?
4
Calculate the highest common divisor of 70 and 210.
70
Calculate the highest common divisor of 3640 and 234.
26
What is the highest common factor of 15428 and 290?
58
Calculate the greatest common divisor of 427 and 1891.
61
What is the greatest common divisor of 240 and 1350?
30
What is the greatest common divisor of 175 and 525?
175
Calculate the highest common factor of 291 and 485.
97
What is the highest common factor of 48 and 288?
48
Calculate the greatest common divisor of 1131 and 58.
29
What is the highest common factor of 152 and 40?
8
What is the highest common divisor of 504 and 280?
56
Calculate the greatest common divisor of 2009 and 328.
41
What is the greatest common divisor of 14 and 10066?
14
Calculate the greatest common divisor of 27 and 144.
9
Calculate the greatest common factor of 31 and 248.
31
What is the greatest common divisor of 388 and 485?
97
Calculate the greatest common divisor of 198 and 6039.
99
What is the highest common divisor of 44 and 187?
11
What is the highest common factor of 27168 and 96?
96
What is the greatest common divisor of 133 and 152?
19
What is the greatest common factor of 1856 and 87?
29
Calculate the highest common divisor of 8322 and 152.
38
Calculate the highest common factor of 1 and 19.
1
Calculate the highest common divisor of 7196 and 112.
28
What is the greatest common divisor of 32 and 176?
16
What is the greatest common factor of 21 and 7259?
7
Calculate the highest common factor of 2838 and 6450.
258
Calculate the